 the prime factors of 152865.
3, 5, 43, 79
List the prime factors of 349470.
2, 3, 5, 11, 353
List the prime factors of 437296.
2, 151, 181
What are the prime factors of 406676?
2, 19, 5351
What are the prime factors of 90579?
3, 109, 277
What are the prime factors of 9657204?
2, 3, 804767
List the prime factors of 312369.
3, 104123
What are the prime factors of 2321155?
5, 109, 4259
List the prime factors of 504877.
504877
List the prime factors of 1528195.
5, 305639
List the prime factors of 362298.
2, 3, 60383
List the prime factors of 292721.
11, 13, 23, 89
List the prime factors of 20726.
2, 43, 241
What are the prime factors of 3771532?
2, 942883
List the prime factors of 1680643.
1680643
What are the prime factors of 1092251?
1092251
What are the prime factors of 10846674?
2, 3, 602593
List the prime factors of 829.
829
What are the prime factors of 2772249?
3, 924083
What are the prime factors of 24126?
2, 3, 4021
What are the prime factors of 426266?
2, 213133
List the prime factors of 1199932.
2, 299983
List the prime factors of 526912.
2, 8233
What are the prime factors of 35322?
2, 3, 7, 29
What are the prime factors of 869634?
2, 3, 48313
What are the prime factors of 3339701?
17, 196453
What are the prime factors of 350115?
3, 5, 17, 1373
What are the prime factors of 14145589?
14145589
What are the prime factors of 1015572?
2, 3, 84631
What are the prime factors of 428771?
7, 61253
What are the prime factors of 1171329?
3, 41, 89, 107
List the prime factors of 835987.
835987
What are the prime factors of 400012?
2, 100003
List the prime factors of 14550986.
2, 337, 21589
What are the prime factors of 2040372?
2, 3, 19, 157
List the prime factors of 418343.
418343
List the prime factors of 2738640.
2, 3, 5, 11411
List the prime factors of 4720188.
2, 3, 11, 35759
List the prime factors of 1943480.
2, 5, 7, 11, 631
What are the prime factors of 3393418?
2, 7, 37, 6551
List the prime factors of 660730.
2, 5, 7, 9439
List the prime factors of 9488.
2, 593
List the prime factors of 16103190.
2, 3, 5, 536773
List the prime factors of 39748.
2, 19, 523
What are the prime factors of 396702?
2, 3, 22039
What are the prime factors of 10763258?
2, 11, 489239
List the prime factors of 4067613.
3, 11, 181, 227
What are the prime factors of 460639?
557, 827
What are the prime factors of 37342?
2, 18671
What are the prime factors of 996276?
2, 3, 83023
What are the prime factors of 20430362?
2, 17, 600893
List the prime factors of 638015.
5, 7, 18229
List the prime factors of 1326514.
2, 7, 41, 2311
What are the prime factors of 3676535?
5, 735307
List the prime factors of 1868697.
3, 67, 1033
What are the prime factors of 7545196?
2, 23, 82013
What are the prime factors of 49817?
31, 1607
List the prime factors of 4488688.
2, 47, 127
What are the prime factors of 359809?
109, 3301
List the prime factors of 1015168.
2, 7, 11, 103
List the prime factors of 23702988.
2, 3, 1975249
List the prime factors of 5112797.
577, 8861
List the prime factors of 13089166.
2, 1283, 5101
List the prime factors of 12993812.
2, 13, 249881
What are the prime factors of 5030179?
7, 11, 65327
What are the prime factors of 76076?
2, 7, 11, 13, 19
What are the prime factors of 233941?
233941
What are the prime factors of 5231018?
2, 13, 201193
List the prime factors of 460884.
2, 3, 193, 199
What are the prime factors of 14795869?
11, 1345079
What are the prime factors of 40424720?
2, 5, 7, 37, 1951
What are the prime factors of 2092095?
3, 5, 15497
What are the prime factors of 4532626?
2, 7, 323759
What are the prime factors of 75455?
5, 15091
List the prime factors of 6439081.
11, 19, 30809
List the prime factors of 98284.
2, 24571
List the prime factors of 3037862.
2, 1518931
What are the prime factors of 9504276?
2, 3, 792023
What are the prime factors of 707051?
61, 67, 173
What are the prime factors of 2612868?
2, 3, 217739
What are the prime factors of 8082936?
2, 3, 23, 1627
What are the prime factors of 164145?
3, 5, 31, 353
What are the prime factors of 8928989?
127, 167, 421
What are the prime factors of 457713?
3, 50857
What are the prime factors of 464287?
17, 31, 881
What are the prime factors of 1151293?
11, 13, 83, 97
List the prime factors of 60757.
60757
What are the prime factors of 1223869?
347, 3527
What are the prime factors of 2251915?
5, 450383
List the prime factors of 6315798.
2, 3, 53, 19861
What are the prime factors of 3171614?
2, 29, 149, 367
List the prime factors of 930240.
2, 3, 5, 17, 19
What are the prime factors of 14481912?
2, 3, 331, 1823
What are the prime factors of 367226?
2, 31, 5923
List the prime factors of 2269769.
2269769
What are the prime factors of 1194972?
2, 3, 99581
List the prime factors of 337745.
5, 31, 2179
What are the prime factors of 146043?
3, 601
What are the prime factors of 647002?
2, 47, 6883
List the prime factors of 4047.
3, 19, 71
What are the prime factors of 118299?
3, 47, 839
List the prime factors of 1241444.
2, 310361
List the prime factors of 646180.
2, 5, 32309
What are the prime factors of 3908033?
97, 40289
What are the prime factors of 223515?
3, 5, 4967
List the prime factors of 611981.
563, 1087
List the prime factors of 13037351.
17, 149, 5147
List the prime factors of 8042172.
2, 3, 37, 59, 307
What are the prime factors of 10015997?
181, 55337
List the prime factors of 2065651.
7, 269, 1097
List the prime factors of 5229793.
31, 73, 2311
What are the prime factors of 77602?
2, 7, 23, 241
List the prime factors of 42407.
42407
List the prime factors of 10516560.
2, 3, 5, 29, 1511
List the prime factors of 170132.
2, 42533
List the prime factors of 202941.
3, 22549
List the prime factors of 497179.
541, 919
What are the prime factors of 87672?
2, 3, 13, 281
List the prime factors of 956267.
13, 17, 4327
List the prime factors of 131148.
2, 3, 3643
What are the prime factors of 3502648?
2, 367, 1193
What are the prime factors of 7058255?
5, 79, 107, 167
What are the prime factors of 3167?
3167
What are the prime factors of 39611?
11, 13, 277
List the prime factors of 545176.
2, 68147
What are the prime factors of 278728?
2, 34841
List the prime factors of 448759.
443, 1013
What are the prime factors of 12378039?
3, 83, 49711
List the prime factors of 376020.
2, 3, 5, 2089
List the prime factors of 8447215.
5, 7, 17, 14197
What are the prime factors of 3515671?
3515671
What are the prime factors of 32851244?
2, 8212811
List the prime factors of 4310365.
5, 239, 3607
What are the prime factors of 40529?
40529
What are the prime factors of 956461?
11, 86951
What are the prime factors of 4372683?
3, 7, 208223
List the prime factors of 6342057.
3, 26099
List the prime factors of 346225.
5, 11, 1259
What are the prime factors of 7003050?
2, 3, 5, 46687
What are the prime factors of 3112076?
2, 11, 70729
List the prime factors of 1103252.
2, 275813
List the prime factors of 5968757.
71, 84067
List the prime factors of 1145647.
17, 67391
What are the prime factors of 71078?
2, 7, 5077
List the prime factors of 19735314.
2, 3, 797, 4127
What are the prime factors of 89520?
2, 3, 5, 373
List the prime factors of 10433781.
3, 887, 1307
List the prime factors of 2522991.
3, 19, 44263
What are the prime factors of 5256775?
5, 37, 5683
What are the prime factors of 312339?
3, 104113
What are the prime factors of 4033010?
2, 5, 403301
List the prime factors of 3317578.
2, 11, 13709
List the prime factors of 888400.
2, 5, 2221
List the prime factors of 839338.
2, 307, 1367
List the prime factors of 231626.
2, 179, 647
List the prime factors of 184727.
184727
List the prime factors of 76259.
76259
List the prime factors of 620645.
5, 101, 1229
What are the prime factors of 1478402?
2, 739201
What are the prime factors of 21740636?
2, 19, 286061
What are the prime factors of 191166?
2, 3, 151, 211
What are the prime factors of 1382457?
3, 17, 27107
List the prime factors of 2138497.
53, 157, 257
List the prime factors of 6064516.
2, 1516129
What are the prime factors of 118095?
3, 5, 7873
What are the prime factors of 555140?
2, 5, 41, 677
List the prime factors of 3587466.
2, 3, 19, 31469
List the prime factors of 7183765.
5, 281, 5113
List the prime factors of 428445.
3, 5, 9521
List the prime fact